{"id":45,"date":"2025-04-16T10:01:21","date_gmt":"2025-04-16T08:01:21","guid":{"rendered":"https:\/\/prestiz.uwb.pl\/index.php\/about\/"},"modified":"2025-05-22T16:03:34","modified_gmt":"2025-05-22T14:03:34","slug":"o-nas","status":"publish","type":"page","link":"https:\/\/prestiz.uwb.pl\/index.php\/o-nas\/","title":{"rendered":"O nas"},"content":{"rendered":"\t\t<div data-elementor-type=\"wp-page\" data-elementor-id=\"45\" class=\"elementor elementor-45\" data-elementor-post-type=\"page\">\n\t\t\t\t<div class=\"elementor-element elementor-element-562f3a3d e-flex e-con-boxed e-con e-parent\" data-id=\"562f3a3d\" data-element_type=\"container\" data-settings=\"{&quot;background_background&quot;:&quot;classic&quot;}\">\n\t\t\t\t\t<div class=\"e-con-inner\">\n\t\t<div class=\"elementor-element elementor-element-3a200d04 e-con-full e-flex e-con e-child\" data-id=\"3a200d04\" data-element_type=\"container\">\n\t\t\t\t<div class=\"elementor-element elementor-element-556fe089 elementor-widget elementor-widget-heading\" data-id=\"556fe089\" data-element_type=\"widget\" data-widget_type=\"heading.default\">\n\t\t\t\t<div class=\"elementor-widget-container\">\n\t\t\t\t\t<h1 class=\"elementor-heading-title elementor-size-default\">Kim jeste\u015bmy?<\/h1>\t\t\t\t<\/div>\n\t\t\t\t<\/div>\n\t\t\t\t<\/div>\n\t\t<div class=\"elementor-element elementor-element-237162bd e-con-full e-flex e-con e-child\" data-id=\"237162bd\" data-element_type=\"container\">\n\t\t\t\t<div class=\"elementor-element elementor-element-eba6691 elementor-widget elementor-widget-text-editor\" data-id=\"eba6691\" data-element_type=\"widget\" data-widget_type=\"text-editor.default\">\n\t\t\t\t<div class=\"elementor-widget-container\">\n\t\t\t\t\t\t\t\t\t<p class=\"p1\">Nazywam si\u0119 Jakub So\u015bnica i od ponad 8 lat jestem zwi\u0105zany z rynkiem nieruchomo\u015bci. Przez ten czas zdoby\u0142em wszechstronn\u0105 wiedz\u0119 i zaufanie wielu klient\u00f3w, realizuj\u0105c setki transakcji sprzeda\u017cy i wynajmu oraz zarz\u0105dzaj\u0105c najmem mieszka\u0144 i dom\u00f3w.<\/p><p class=\"p1\">Tworz\u0105c Presti\u017c Nieruchomo\u015bci, postawi\u0142em sobie jasny cel \u2013 zapewni\u0107 inwestorom pe\u0142en komfort i spok\u00f3j, tak aby mogli czerpa\u0107 zyski z nieruchomo\u015bci bez anga\u017cowania swojego czasu. Dzi\u015b, razem z zespo\u0142em specjalist\u00f3w, oferujemy kompleksow\u0105 obs\u0142ug\u0119 \u2013 od zarz\u0105dzania najmem, przez po\u015brednictwo, a\u017c po zagraniczne inwestycje.<\/p><p class=\"p1\">Buduj\u0119 relacje oparte na zaufaniu, dzia\u0142am z pe\u0142nym profesjonalizmem i troszcz\u0119 si\u0119 o powierzony maj\u0105tek, jak o w\u0142asn\u0105 inwestycj\u0119.<\/p>\t\t\t\t\t\t\t\t<\/div>\n\t\t\t\t<\/div>\n\t\t\t\t<\/div>\n\t\t\t\t\t<\/div>\n\t\t\t\t<\/div>\n\t\t<div class=\"elementor-element elementor-element-6626ea4 e-flex e-con-boxed e-con e-parent\" data-id=\"6626ea4\" data-element_type=\"container\" data-settings=\"{&quot;background_background&quot;:&quot;classic&quot;}\">\n\t\t\t\t\t<div class=\"e-con-inner\">\n\t\t<div class=\"elementor-element elementor-element-28fe725 e-con-full e-flex e-con e-child\" data-id=\"28fe725\" data-element_type=\"container\">\n\t\t<div class=\"elementor-element elementor-element-ea8b355 e-flex e-con-boxed e-con e-child\" data-id=\"ea8b355\" data-element_type=\"container\" data-settings=\"{&quot;background_background&quot;:&quot;classic&quot;}\">\n\t\t\t\t\t<div class=\"e-con-inner\">\n\t\t\t\t<div class=\"elementor-element elementor-element-6aa2c0f elementor-widget elementor-widget-heading\" data-id=\"6aa2c0f\" data-element_type=\"widget\" data-widget_type=\"heading.default\">\n\t\t\t\t<div class=\"elementor-widget-container\">\n\t\t\t\t\t<h2 class=\"elementor-heading-title elementor-size-default\">Nasze warto\u015bci:<\/h2>\t\t\t\t<\/div>\n\t\t\t\t<\/div>\n\t\t\t\t\t<\/div>\n\t\t\t\t<\/div>\n\t\t\t\t<\/div>\n\t\t\t\t\t<\/div>\n\t\t\t\t<\/div>\n\t\t<div class=\"elementor-element elementor-element-c4f45a8 e-flex e-con-boxed e-con e-parent\" data-id=\"c4f45a8\" data-element_type=\"container\">\n\t\t\t\t\t<div class=\"e-con-inner\">\n\t\t<div class=\"elementor-element elementor-element-56a511de e-con-full e-flex e-con e-child\" data-id=\"56a511de\" data-element_type=\"container\">\n\t\t<div class=\"elementor-element elementor-element-6b8b3500 e-con-full e-flex e-con e-child\" data-id=\"6b8b3500\" data-element_type=\"container\">\n\t\t<div class=\"elementor-element elementor-element-9338c14 e-con-full e-flex e-con e-child\" data-id=\"9338c14\" data-element_type=\"container\">\n\t\t\t\t<div class=\"elementor-element elementor-element-653d048d elementor-cta--skin-classic elementor-animated-content elementor-widget elementor-widget-call-to-action\" data-id=\"653d048d\" data-element_type=\"widget\" data-widget_type=\"call-to-action.default\">\n\t\t\t\t<div class=\"elementor-widget-container\">\n\t\t\t\t\t\t\t<div class=\"elementor-cta\">\n\t\t\t\t\t<div class=\"elementor-cta__bg-wrapper\">\n\t\t\t\t<div class=\"elementor-cta__bg elementor-bg\" style=\"background-image: url(https:\/\/prestiz.uwb.pl\/wp-content\/uploads\/2025\/04\/Popup-pic-1.png);\" role=\"img\" aria-label=\"Popup-pic-1.png\"><\/div>\n\t\t\t\t<div class=\"elementor-cta__bg-overlay\"><\/div>\n\t\t\t<\/div>\n\t\t\t\t\t\t\t<div class=\"elementor-cta__content\">\n\t\t\t\t\n\t\t\t\t\t\t\t\t\t<h2 class=\"elementor-cta__title elementor-cta__content-item elementor-content-item\">\n\t\t\t\t\t\t\"Inwestycja w nieruchomo\u015bci wydaje si\u0119 by\u0107 jedynym bezpiecznym i pewnym sposobem na inwestowanie pieni\u0119dzy.\"\t\t\t\t\t<\/h2>\n\t\t\t\t\n\t\t\t\t\t\t\t\t\t<div class=\"elementor-cta__description elementor-cta__content-item elementor-content-item\">\n\t\t\t\t\t\tFranklin D. Roosevelt\t\t\t\t\t<\/div>\n\t\t\t\t\n\t\t\t\t\t\t\t<\/div>\n\t\t\t\t\t\t<\/div>\n\t\t\t\t\t\t<\/div>\n\t\t\t\t<\/div>\n\t\t\t\t<\/div>\n\t\t<div class=\"elementor-element elementor-element-5ce60f6a e-con-full e-flex e-con e-child\" data-id=\"5ce60f6a\" data-element_type=\"container\">\n\t\t\t\t<div class=\"elementor-element elementor-element-129c63e4 elementor-widget elementor-widget-heading\" data-id=\"129c63e4\" data-element_type=\"widget\" data-widget_type=\"heading.default\">\n\t\t\t\t<div class=\"elementor-widget-container\">\n\t\t\t\t\t<h3 class=\"elementor-heading-title elementor-size-default\">Profesjonalizm<\/h3>\t\t\t\t<\/div>\n\t\t\t\t<\/div>\n\t\t\t\t<div class=\"elementor-element elementor-element-60556a40 elementor-widget elementor-widget-text-editor\" data-id=\"60556a40\" data-element_type=\"widget\" data-widget_type=\"text-editor.default\">\n\t\t\t\t<div class=\"elementor-widget-container\">\n\t\t\t\t\t\t\t\t\t<p class=\"p1\">Korzystamy z wieloletniego do\u015bwiadczenia i fachowej wiedzy. Ka\u017cd\u0105 nieruchomo\u015b\u0107 traktujemy z nale\u017cyt\u0105 staranno\u015bci\u0105, a wszystkie dzia\u0142ania prowadzimy zgodnie z najwy\u017cszymi standardami bran\u017cowymi.<\/p>\t\t\t\t\t\t\t\t<\/div>\n\t\t\t\t<\/div>\n\t\t\t\t<div class=\"elementor-element elementor-element-714a36f5 elementor-widget elementor-widget-spacer\" data-id=\"714a36f5\" data-element_type=\"widget\" data-widget_type=\"spacer.default\">\n\t\t\t\t<div class=\"elementor-widget-container\">\n\t\t\t\t\t\t\t<div class=\"elementor-spacer\">\n\t\t\t<div class=\"elementor-spacer-inner\"><\/div>\n\t\t<\/div>\n\t\t\t\t\t\t<\/div>\n\t\t\t\t<\/div>\n\t\t\t\t<div class=\"elementor-element elementor-element-56abbfc2 elementor-widget elementor-widget-heading\" data-id=\"56abbfc2\" data-element_type=\"widget\" data-widget_type=\"heading.default\">\n\t\t\t\t<div class=\"elementor-widget-container\">\n\t\t\t\t\t<h3 class=\"elementor-heading-title elementor-size-default\">Zaufanie<\/h3>\t\t\t\t<\/div>\n\t\t\t\t<\/div>\n\t\t\t\t<div class=\"elementor-element elementor-element-3988f95e elementor-widget elementor-widget-text-editor\" data-id=\"3988f95e\" data-element_type=\"widget\" data-widget_type=\"text-editor.default\">\n\t\t\t\t<div class=\"elementor-widget-container\">\n\t\t\t\t\t\t\t\t\t<p class=\"p1\">Uczciwo\u015b\u0107 i przejrzysto\u015b\u0107 to podstawa naszych relacji. Dbamy o bezpiecze\u0144stwo i spok\u00f3j naszych klient\u00f3w na ka\u017cdym etapie wsp\u00f3\u0142pracy. Dotrzymujemy zobowi\u0105za\u0144 i realizujemy ustalenia zgodnie z najwy\u017cszymi standardami.<\/p>\t\t\t\t\t\t\t\t<\/div>\n\t\t\t\t<\/div>\n\t\t\t\t<div class=\"elementor-element elementor-element-151ae7d2 elementor-widget elementor-widget-spacer\" data-id=\"151ae7d2\" data-element_type=\"widget\" data-widget_type=\"spacer.default\">\n\t\t\t\t<div class=\"elementor-widget-container\">\n\t\t\t\t\t\t\t<div class=\"elementor-spacer\">\n\t\t\t<div class=\"elementor-spacer-inner\"><\/div>\n\t\t<\/div>\n\t\t\t\t\t\t<\/div>\n\t\t\t\t<\/div>\n\t\t\t\t<div class=\"elementor-element elementor-element-6b46ed4e elementor-widget elementor-widget-heading\" data-id=\"6b46ed4e\" data-element_type=\"widget\" data-widget_type=\"heading.default\">\n\t\t\t\t<div class=\"elementor-widget-container\">\n\t\t\t\t\t<h3 class=\"elementor-heading-title elementor-size-default\">Relacyjno\u015b\u0107<\/h3>\t\t\t\t<\/div>\n\t\t\t\t<\/div>\n\t\t\t\t<div class=\"elementor-element elementor-element-310074d5 elementor-widget elementor-widget-text-editor\" data-id=\"310074d5\" data-element_type=\"widget\" data-widget_type=\"text-editor.default\">\n\t\t\t\t<div class=\"elementor-widget-container\">\n\t\t\t\t\t\t\t\t\t<p class=\"p1\">Stawiamy na relacje i indywidualne podej\u015bcie. Poznajemy naszych klient\u00f3w i ich potrzeby, komunikujemy si\u0119 otwarcie i regularnie. Budujemy partnerstwo, w kt\u00f3rym obie strony rozumiej\u0105 swoje oczekiwania i cele.<\/p>\t\t\t\t\t\t\t\t<\/div>\n\t\t\t\t<\/div>\n\t\t\t\t<div class=\"elementor-element elementor-element-977b3d3 elementor-widget elementor-widget-spacer\" data-id=\"977b3d3\" data-element_type=\"widget\" data-widget_type=\"spacer.default\">\n\t\t\t\t<div class=\"elementor-widget-container\">\n\t\t\t\t\t\t\t<div class=\"elementor-spacer\">\n\t\t\t<div class=\"elementor-spacer-inner\"><\/div>\n\t\t<\/div>\n\t\t\t\t\t\t<\/div>\n\t\t\t\t<\/div>\n\t\t\t\t<div class=\"elementor-element elementor-element-4ed0c56 elementor-widget elementor-widget-heading\" data-id=\"4ed0c56\" data-element_type=\"widget\" data-widget_type=\"heading.default\">\n\t\t\t\t<div class=\"elementor-widget-container\">\n\t\t\t\t\t<h3 class=\"elementor-heading-title elementor-size-default\">Rozw\u00f3j<\/h3>\t\t\t\t<\/div>\n\t\t\t\t<\/div>\n\t\t\t\t<div class=\"elementor-element elementor-element-7c03df4 elementor-widget elementor-widget-text-editor\" data-id=\"7c03df4\" data-element_type=\"widget\" data-widget_type=\"text-editor.default\">\n\t\t\t\t<div class=\"elementor-widget-container\">\n\t\t\t\t\t\t\t\t\t<p class=\"p1\">Nie stoimy w miejscu. Stale podnosimy nasze kwalifikacje i rozszerzamy ofert\u0119, by zapewni\u0107 klientom najnowocze\u015bniejsze rozwi\u0105zania. Rozw\u00f3j oznacza dla nas tak\u017ce poszukiwanie nowych mo\u017cliwo\u015bci inwestycyjnych.<\/p>\t\t\t\t\t\t\t\t<\/div>\n\t\t\t\t<\/div>\n\t\t\t\t<\/div>\n\t\t\t\t<\/div>\n\t\t\t\t<\/div>\n\t\t\t\t\t<\/div>\n\t\t\t\t<\/div>\n\t\t<div class=\"elementor-element elementor-element-55eebd1 e-flex e-con-boxed e-con e-parent\" data-id=\"55eebd1\" data-element_type=\"container\" data-settings=\"{&quot;background_background&quot;:&quot;classic&quot;}\">\n\t\t\t\t\t<div class=\"e-con-inner\">\n\t\t<div class=\"elementor-element elementor-element-68f512d e-con-full e-flex e-con e-child\" data-id=\"68f512d\" data-element_type=\"container\">\n\t\t<div class=\"elementor-element elementor-element-5993d91 e-flex e-con-boxed e-con e-child\" data-id=\"5993d91\" data-element_type=\"container\" data-settings=\"{&quot;background_background&quot;:&quot;classic&quot;}\">\n\t\t\t\t\t<div class=\"e-con-inner\">\n\t\t\t\t<div class=\"elementor-element elementor-element-8190b57 elementor-widget elementor-widget-heading\" data-id=\"8190b57\" data-element_type=\"widget\" data-widget_type=\"heading.default\">\n\t\t\t\t<div class=\"elementor-widget-container\">\n\t\t\t\t\t<h2 class=\"elementor-heading-title elementor-size-default\">Nasz zesp\u00f3\u0142<\/h2>\t\t\t\t<\/div>\n\t\t\t\t<\/div>\n\t\t\t\t\t<\/div>\n\t\t\t\t<\/div>\n\t\t\t\t<\/div>\n\t\t\t\t\t<\/div>\n\t\t\t\t<\/div>\n\t\t<div class=\"elementor-element elementor-element-3b8fbc14 e-flex e-con-boxed e-con e-parent\" data-id=\"3b8fbc14\" data-element_type=\"container\" data-settings=\"{&quot;background_background&quot;:&quot;gradient&quot;}\">\n\t\t\t\t\t<div class=\"e-con-inner\">\n\t\t<div class=\"elementor-element elementor-element-6b47f96 e-con-full e-flex e-con e-child\" data-id=\"6b47f96\" data-element_type=\"container\">\n\t\t<div class=\"elementor-element elementor-element-1ef2b451 e-flex e-con-boxed e-con e-child\" data-id=\"1ef2b451\" data-element_type=\"container\">\n\t\t\t\t\t<div class=\"e-con-inner\">\n\t\t\t\t<div class=\"elementor-element elementor-element-7494042a elementor-widget elementor-widget-text-editor\" data-id=\"7494042a\" data-element_type=\"widget\" data-widget_type=\"text-editor.default\">\n\t\t\t\t<div class=\"elementor-widget-container\">\n\t\t\t\t\t\t\t\t\t<p class=\"p1\">Za Presti\u017c Nieruchomo\u015bci stoi do\u015bwiadczony zesp\u00f3\u0142, kt\u00f3ry dzia\u0142a szybko, sprawnie i z pe\u0142nym zaanga\u017cowaniem. Tworzymy grup\u0119 specjalist\u00f3w z r\u00f3\u017cnych dziedzin \u2013 doradztwa, wynajmu, marketingu i prawa \u2013 kt\u00f3rzy wsp\u00f3lnie buduj\u0105 warto\u015b\u0107 naszej marki. \u0141\u0105czy nas profesjonalizm, uczciwo\u015b\u0107 i pasja do nieruchomo\u015bci. Dzi\u0119ki temu ka\u017cda nieruchomo\u015b\u0107 trafia w dobre r\u0119ce, a ka\u017cda wsp\u00f3\u0142praca opiera si\u0119 na wzajemnym zaufaniu.<\/p>\t\t\t\t\t\t\t\t<\/div>\n\t\t\t\t<\/div>\n\t\t\t\t\t<\/div>\n\t\t\t\t<\/div>\n\t\t\t\t<div class=\"elementor-element elementor-element-e222ff0 elementor-align-center elementor-widget elementor-widget-button\" data-id=\"e222ff0\" data-element_type=\"widget\" data-widget_type=\"button.default\">\n\t\t\t\t<div class=\"elementor-widget-container\">\n\t\t\t\t\t\t\t\t\t<div class=\"elementor-button-wrapper\">\n\t\t\t\t\t<a class=\"elementor-button elementor-button-link elementor-size-sm elementor-animation-shrink\" href=\"https:\/\/prestiz.uwb.pl\/index.php\/kontakt\/\">\n\t\t\t\t\t\t<span class=\"elementor-button-content-wrapper\">\n\t\t\t\t\t\t\t\t\t<span class=\"elementor-button-text\">KONTAKT<\/span>\n\t\t\t\t\t<\/span>\n\t\t\t\t\t<\/a>\n\t\t\t\t<\/div>\n\t\t\t\t\t\t\t\t<\/div>\n\t\t\t\t<\/div>\n\t\t\t\t<\/div>\n\t\t\t\t\t<\/div>\n\t\t\t\t<\/div>\n\t\t\t\t<\/div>\n\t\t","protected":false},"excerpt":{"rendered":"<p>Kim jeste\u015bmy? Nazywam si\u0119 Jakub So\u015bnica i od ponad 8 lat jestem zwi\u0105zany z rynkiem nieruchomo\u015bci. Przez ten czas zdoby\u0142em wszechstronn\u0105 wiedz\u0119 i zaufanie wielu klient\u00f3w, realizuj\u0105c setki transakcji sprzeda\u017cy i wynajmu oraz zarz\u0105dzaj\u0105c najmem mieszka\u0144 i dom\u00f3w. Tworz\u0105c Presti\u017c Nieruchomo\u015bci, postawi\u0142em sobie jasny cel \u2013 zapewni\u0107 inwestorom pe\u0142en komfort i spok\u00f3j, tak aby mogli [&hellip;]<\/p>\n","protected":false},"author":1,"featured_media":0,"parent":0,"menu_order":0,"comment_status":"closed","ping_status":"closed","template":"elementor_header_footer","meta":{"footnotes":""},"class_list":["post-45","page","type-page","status-publish","hentry"],"_links":{"self":[{"href":"https:\/\/prestiz.uwb.pl\/index.php\/wp-json\/wp\/v2\/pages\/45","targetHints":{"allow":["GET"]}}],"collection":[{"href":"https:\/\/prestiz.uwb.pl\/index.php\/wp-json\/wp\/v2\/pages"}],"about":[{"href":"https:\/\/prestiz.uwb.pl\/index.php\/wp-json\/wp\/v2\/types\/page"}],"author":[{"embeddable":true,"href":"https:\/\/prestiz.uwb.pl\/index.php\/wp-json\/wp\/v2\/users\/1"}],"replies":[{"embeddable":true,"href":"https:\/\/prestiz.uwb.pl\/index.php\/wp-json\/wp\/v2\/comments?post=45"}],"version-history":[{"count":101,"href":"https:\/\/prestiz.uwb.pl\/index.php\/wp-json\/wp\/v2\/pages\/45\/revisions"}],"predecessor-version":[{"id":1097,"href":"https:\/\/prestiz.uwb.pl\/index.php\/wp-json\/wp\/v2\/pages\/45\/revisions\/1097"}],"wp:attachment":[{"href":"https:\/\/prestiz.uwb.pl\/index.php\/wp-json\/wp\/v2\/media?parent=45"}],"curies":[{"name":"wp","href":"https:\/\/api.w.org\/{rel}","templated":true}]}}